a prime number?
True
Is 222500249 a composite number?
True
Is 1645121 prime?
False
Is 11219387 composite?
True
Is 31561931 a prime number?
False
Is 214702321 prime?
False
Is 20493953 a prime number?
True
Is 1396555 prime?
False
Is 44374513 a prime number?
True
Is 3805151 a prime number?
False
Is 15049059 prime?
False
Is 298029385 a prime number?
False
Is 13635463 prime?
True
Is 52381087 prime?
False
Is 2280007 a prime number?
False
Is 3517201 prime?
False
Is 1648853 a composite number?
True
Is 17832209 prime?
True
Is 114425549 composite?
True
Is 125484043 prime?
True
Is 16337957 composite?
False
Is 174406789 composite?
True
Is 2876921 a prime number?
True
Is 76498535 composite?
True
Is 12372499 a composite number?
False
Is 20798053 composite?
True
Is 48923517 a prime number?
False
Is 18496831 composite?
False
Is 3364269 composite?
True
Is 315771761 prime?
False
Is 13236877 a prime number?
True
Is 350267767 a prime number?
True
Is 36579859 composite?
False
Is 13660393 prime?
True
Is 10768201 composite?
True
Is 6311923 a composite number?
False
Is 26216309 a composite number?
True
Is 336977 prime?
True
Is 76247713 a prime number?
False
Is 92987 prime?
True
Is 1740415 a composite number?
True
Is 2731809 prime?
False
Is 8393429 a composite number?
True
Is 292122433 prime?
False
Is 19238411 a composite number?
False
Is 31430527 a prime number?
True
Is 19164571 a prime number?
True
Is 750953 a prime number?
False
Is 3069035 prime?
False
Is 144113383 prime?
False
Is 7956373 a composite number?
False
Is 812126299 composite?
False
Is 1711019 composite?
False
Is 331501 a composite number?
False
Is 7871527 a prime number?
False
Is 740143409 a composite number?
False
Is 598382 a prime number?
False
Is 61813 prime?
True
Is 55843 prime?
True
Is 10482491 composite?
False
Is 38749937 a composite number?
False
Is 191003515 composite?
True
Is 34970657 prime?
False
Is 1609367 composite?
False
Is 7990531 composite?
True
Is 2508189 prime?
False
Is 3679651 a prime number?
False
Is 217111 a prime number?
True
Is 108442267 composite?
False
Is 213130031 a prime number?
True
Is 15790321 a prime number?
True
Is 3738353 a composite number?
False
Is 3525629 a composite number?
True
Is 86809117 a composite number?
False
Is 32010917 a composite number?
True
Is 28520353 a composite number?
False
Is 1894703 a composite number?
True
Is 28207951 composite?
True
Is 122889817 a prime number?
True
Is 199600039 composite?
False
Is 13370171 a prime number?
True
Is 10098061 composite?
True
Is 7565291 composite?
True
Is 129370349 a composite number?
False
Is 187272847 composite?
True
Is 21793669 prime?
False
Is 425080213 prime?
True
Is 31773293 a prime number?
False
Is 39203407 a prime number?
True
Is 182830513 a composite number?
False
Is 1550693 composite?
False
Is 6796067 a composite number?
False
Is 21973799 a prime number?
True
Is 77272773 prime?
False
Is 39437971 prime?
False
Is 5602535 a composite number?
True
Is 9982237 composite?
False
Is 2014387 a composite number?
True
Is 940067 composite?
False
Is 68738351 a composite number?
True
Is 268953017 a composite number?
False
Is 1162193 prime?
True
Is 1726069 a prime number?
False
Is 10813 a composite number?
True
Is 28705811 a prime number?
False
Is 365443139 a composite number?
False
Is 15847009 a composite number?
True
Is 43712477 composite?
True
Is 1181147 a composite number?
True
Is 13077905 composite?
True
Is 27678719 composite?
False
Is 14563649 composite?
False
Is 8126726 a prime number?
False
Is 51635203 a prime number?
True
Is 2992651 prime?
True
Is 284169 composite?
True
Is 15831103 composite?
False
Is 5718623 prime?
True
Is 147636019 composite?
False
Is 381281977 a composite number?
False
Is 3787034 a composite number?
True
Is 67746347 a composite number?
True
Is 1559771 prime?
False
Is 5663491 composite?
False
Is 125027587 prime?
True
Is 19793549 a prime number?
True
Is 22391513 a composite number?
False
Is 357907477 composite?
True
Is 7345699 prime?
True
Is 77365559 composite?
False
Is 3370093 a composite number?
False
Is 9593017 a composite number?
True
Is 1218031 a prime number?
False
Is 3188033 composite?
False
Is 1317899 a composite number?
True
Is 2830741 a prime number?
True
Is 87643871 a prime number?
False
Is 5569903 a prime number?
True
Is 84959813 a composite number?
True
Is 576115 a prime number?
False
Is 4302247 composite?
False
Is 32272241 a composite number?
True
Is 217743271 prime?
False
Is 16787291 prime?
True
Is 1834513 a prime number?
True
Is 158658461 composite?
True
Is 56433527 composite?
False
Is 163457417 prime?
True
Is 122651 a composite number?
False
Is 79213331 a composite number?
False
Is 8686661 prime?
True
Is 2816351 composite?
True
Is 15366347 prime?
True
Is 28584823 composite?
False
Is 52303019 a prime number?
True
Is 3078319 composite?
True
Is 3506759 a composite number?
True
Is 36737209 a composite number?
False
Is 1015657 a composite number?
True
Is 8217778 prime?
False
Is 10416239 a prime number?
False
Is 150903717 a composite number?
True
Is 9440861 a composite number?
True
Is 227287 a composite number?
True
Is 10048919 composite?
True
Is 1628065201 prime?
False
Is 893071 a prime number?
False
Is 9426467 composite?
False
Is 143195551 a prime number?
False
Is 59891665 prime?
False
Is 863695409 a composite number?
False
Is 107883817 prime?
True
Is 80403485 composite?
True
Is 63270191 prime?
True
Is 745471 composite?
False
Is 561151 a composite number?
True
Is 445852299 composite?
True
Is 1034549 composite?
False
Is 639203 prime?
False
Is 528301069 prime?
True
Is 2018197 a prime number?
False
Is 208247887 composite?
False
Is 126878621 a composite number?
False
Is 8418031 a prime number?
True
Is 3201857 a prime number?
True
Is 71061769 prime?
True
Is 51091471 composite?
False
Is 4054207 a prime number?
True
Is 1176013 prime?
False
Is 254923807 prime?
True
Is 2603539 prime?
False
Is 6300857 prime?
True
Is 8966509 prime?
False
Is 7356697 composite?
False
Is 1460567 prime?
True
Is 128163193 a composite number?
True
Is 7982177 composite?
True
Is 73750253 a composite number?
False
Is 4703687 composite?
True
Is 242789 a prime number?
True
Is 37597607 a composite number?
False
Is 903523 prime?
False
Is 169887941 a composite number?
True
Is 4577731 prime?
True
Is 78509 prime?
True
Is 366179045 a prime number?
False
Is 21802097 composite?
False
Is 20148943 a prime number?
False
Is 37387411 a prime number?
True
Is 33359093 a composite number?
True
Is 78749389 composite?
True
Is 103654429 a prime number?
False
Is 38904167 composite?
True
Is 588449 prime?
False
Is 11689253 prime?
False
Is 555354559 prime?
False
Is 1862587 composite?
False
Is 126839 prime?
True
Is 234809693 prime?
True
Is 49310291 a composite number?
False
Is 2810809 a prime number?
False
Is 922729 a prime number?
True
Is 154051721 prime?
False
Is 25237489 a composite number?
True
Is 12314191 a prime number?
True
Is 278029 a composite number?
False
Is 20307379 a prime number?
True
Is 39853094 a composite number?
True
Is 4591961 composite?
True
Is 7764617 composite?
True
Is 126506897 prime?
False
Is 1808197 prime?
False
Is 64023899 composite?
True
Is 5580523 a composite number?
True
Is 1363591907 a prime number?
False
Is 4649741 a composite number?
False
Is 9092147 a prime number?
False
Is 68878223 a prime number?
True
Is 408285323 composite?
True
Is 6028699 prime?
True
Is 17049271 a composite number?
False
Is 64435381 composite?
False
Is 12090901 prime?
False
Is 97037531 composite?
False
Is 1723637 composite?
False
Is 177539399 a prime number?
True
Is 26116777 a composite number?
True
Is 7752689 a prime number?
False
Is 20239449 a prime number?
False
Is 263396435 prime?
False
Is 10199503 composite?
True
Is 12063497 a composite number?
False
Is 7910597 a prime number?
False
Is 14013511 a prime number?
True
Is 56768233 a composite number?
False
Is 7297181 prime?
True
Is 3764806 a prime number?
False
Is 1126427 prime?
False
Is 23571643 a prime number?
True
Is 212472809 a prime number?
True
Is 206059339 a prime number?
False
Is 181412039 a composite number?
False
Is 72911 composite?
False
Is 9410603 composite?
False
Is 534605 a composite number?
True
Is 514615963 composite?
False
Is 961423 a prime number?
False
Is 10827499 a compo